5*p**3 + 3*p**2 + p + 2. What is v(-2)?
-28
Let c(w) = w**3 + 51*w**2 + 50*w + 75. What is c(-50)?
75
Let c(q) = -q**3 + 6*q**2 + q + 20. Give c(6).
26
Let r(l) = -59*l + 5125. Calculate r(86).
51
Let y(f) = f**2 - 33*f + 224. What is y(9)?
8
Let b(j) = 41*j + 585. Determine b(-26).
-481
Let r(n) = n**2 - 51*n + 593. Give r(18).
-1
Let h(g) = -13*g**2 + 752*g + 124. Calculate h(58).
8
Let a(h) = -h**3 - 13*h**2 - 59*h - 123. Calculate a(-7).
-4
Let f(k) = 428*k - 24870. Give f(58).
-46
Let a(w) = -98*w + 873. Give a(9).
-9
Let v(c) = -483*c - 982. Give v(-2).
-16
Let j(t) = -t**2 + 41*t - 298. Determine j(26).
92
Let c(z) = -3*z**2 + 24*z + 182. Give c(-6).
-70
Let s(w) = w**2 - 931*w + 11921. Give s(13).
-13
Let x(g) = 8*g**2 - 5*g - 16. Calculate x(-6).
302
Let a(p) = 286*p - 295. Give a(1).
-9
Let k(u) = 2*u**2 - 218*u + 1191. Determine k(103).
-45
Let z(n) = n**2 + 22*n + 79. Give z(-5).
-6
Let x(f) = 18*f**2 - 173*f + 43. What is x(10)?
113
Let q(w) = w**2 + 38*w - 129. Determine q(-41).
-6
Let g(u) = 2*u**3 - 23*u**2 + 73*u - 1023. What is g(12)?
-3
Let l(t) = -2*t**2 - 926*t - 9942. Give l(-11).
2
Let q(o) = -o**3 + 32*o**2 - 210*o + 85. What is q(23)?
16
Let x(z) = -1463*z - 46811. Give x(-32).
5
Let f(g) = g**3 + 29*g**2 + 165*g + 263. Determine f(-22).
21
Let g(c) = 4*c**2 + 3*c - 65. Calculate g(7).
152
Let g(t) = 2*t**2 - 40*t - 90. Calculate g(-3).
48
Let x(h) = h**3 - 16*h + 28. Give x(4).
28
Let l(r) = r**3 - 87*r**2 + 838*r - 160. Determine l(76).
-8
Let a(c) = -2*c**3 + 35*c**2 + 9*c + 60. What is a(18)?
-102
Let i(x) = -x**3 + 346*x**2 - 9182*x - 3481. Give i(317).
6
Let y(q) = -294*q - 536. Determine y(-2).
52
Let x(h) = h**2 - 29*h + 1. Determine x(12).
-203
Let m(v) = -v**2 - 18*v + 1074. What is m(-46)?
-214
Let k(c) = -101*c + 707. Determine k(7).
0
Let x(c) = -c**3 - 272*c**2 + 4915*c + 569. Give x(-289).
-9
Let m(q) = 16*q - 253. Determine m(9).
-109
Let b(n) = -2*n**2 - 3*n + 59. What is b(0)?
59
Let s(q) = 4*q**3 + 125*q**2 + 549*q + 90. Give s(-26).
12
Let h(j) = -15*j**2 - 177*j - 385. Determine h(-9).
-7
Let q(j) = -2*j**2 - 57*j + 1849. What is q(-48)?
-23
Let g(r) = -1134*r + 4548. Give g(4).
12
Let b(m) = m**3 + 30*m**2 + 48*m + 162. Determine b(-29).
-389
Let p(g) = 1404*g - 12640. Determine p(9).
-4
Let x(f) = 1239*f**2 + 38*f + 38. What is x(-1)?
1239
Let o(z) = z**2 + 86*z - 2194. Calculate o(-105).
-199
Let s(z) = 1211*z - 4885. What is s(4)?
-41
Let h(s) = s**3 + 15*s**2 + 11*s + 61. Give h(-15).
-104
Let f(g) = -g**3 + 34*g**2 + 937*g + 61. What is f(52)?
113
Let j(m) = 21*m**2 + 136*m + 56. Determine j(-6).
-4
Let f(r) = 2*r**3 + 196*r**2 + 191*r - 286. Give f(-97).
5
Let v(x) = 661*x + 3968. Calculate v(-6).
2
Let d(f) = -f**3 - f**2 + 4*f + 160. What is d(0)?
160
Let v(w) = 21*w**2 - 7*w - 215. Give v(-3).
-5
Let z(r) = 3*r**2 - 210*r + 784. Calculate z(66).
-8
Let b(f) = -f**2 + 590*f - 12501. Determine b(22).
-5
Let d(q) = 2*q**2 + 122*q + 477. Determine d(-57).
21
Let f(r) = -r**3 - 66*r**2 + 40. Calculate f(0).
40
Let u(d) = 3199*d - 3171. Determine u(1).
28
Let d(q) = q**3 + 47*q**2 + 135*q + 118. Give d(-44).
-14
Let x(u) = u**3 + 15*u**2 - u + 120. Calculate x(-16).
-120
Let d(w) = -w**2 + 161*w + 1426. What is d(-8)?
74
Let w(j) = -j**3 + 4*j**2 + 15*j + 22. Calculate w(7).
-20
Let n(b) = -17*b**2 - 19*b + 9. Give n(-3).
-87
Let c(f) = f**3 + 257*f**2 - 7668*f - 2. Give c(27).
-2
Let i(q) = -5*q**2 + 189*q + 17. Calculate i(38).
-21
Let i(f) = -222*f - 1337. Calculate i(-6).
-5
Let w(c) = -c**3 + 34*c**2 - 62*c - 16. Determine w(32).
48
Let v(f) = f**3 + 67*f**2 + 419*f - 85. Determine v(-60).
-25
Let q(d) = 6*d**2 - 73*d + 21. Determine q(13).
86
Let o(x) = -86*x - 2625. Calculate o(-30).
-45
Let c(g) = g**3 + 28*g**2 + 140*g + 10063. Calculate c(-33).
-2
Let v(p) = -p**3 - 12*p**2 + 7*p + 63. Give v(-12).
-21
Let h(v) = 6*v + 232. What is h(-48)?
-56
Let o(b) = b. Calculate o(-5).
-5
Let u(n) = 81*n + 3986. Calculate u(-50).
-64
Let r(t) = -813*t - 64228. Calculate r(-79).
-1
Let p(b) = -1515*b + 4596. Give p(3).
51
Let m(u) = -167*u**2 - 52*u - 54. Give m(-1).
-169
Let h(q) = 7*q - 776. Calculate h(104).
-48
Let p(h) = -h**3 - 25*h**2 - 46*h - 46. Calculate p(-23).
-46
Let x(s) = 19*s**2 - 5*s - 4. Calculate x(-2).
82
Let a(d) = d**3 - 79*d**2 - 929*d - 391. Calculate a(-10).
-1
Let l(y) = 553*y - 495. Calculate l(2).
611
Let p(z) = -4*z**3 - z**2 + 43*z - 40. Calculate p(1).
-2
Let l(y) = -y**2 - 22*y - 67. What is l(-19)?
-10
Let v(a) = 671*a - 1333. Determine v(2).
9
Let n(b) = 2*b**3 + 26*b**2 - 96*b - 1225. Determine n(-13).
23
Let c(b) = b**2 + 9*b - 227. Give c(11).
-7
Let h(j) = 10436*j + 10428. Calculate h(-1).
-8
Let c(q) = 17*q - 960. Determine c(56).
-8
Let m(c) = -3*c**2 + 21*c + 691. What is m(19)?
7
Let q(z) = -12*z + 138. Calculate q(-7).
222
Let k(c) = 3*c**2 - 266*c + 738. Give k(85).
-197
Let z(c) = -c**3 - 35*c**2 + 75*c - 93. Determine z(-37).
-130
Let k(y) = -2*y**2 - 160*y + 20124. Calculate k(-148).
-4
Let d(l) = -l**3 + 22*l**2 - 7*l + 115. Determine d(22).
-39
Let q(f) = 2*f**2 + 39*f + 34. Give q(-7).
-141
Let q(z) = -395*z - 15038. Calculate q(-38).
-28
Let h(o) = o**3 + o**2 - 7*o + 116. What is h(-6)?
-22
Let o(f) = -f**3 + 11*f**2 - 24*f + 15. What is o(10)?
-125
Let u(v) = v**2 + 61*v + 117. Give u(-56).
-163
Let i(f) = f**3 - 35*f**2 + 36*f - 16. What is i(34)?
52
Let l(c) = -c**3 + 4*c**2 + 10*c. Calculate l(4).
40
Let y(r) = 11*r**2 + 63*r - 200. What is y(3)?
88
Let z(i) = -i**2 + 224*i + 2. Give z(0).
2
Let a(m) = 8*m - 459. Give a(65).
61
Let u(g) = -g**3 + 15*g**2 + 320*g + 10. What is u(-12)?
58
Let p(f) = -f**3 - 40*f**2 + 61*f - 935. Determine p(-42).
31
Let o(x) = 588*x + 31132. Give o(-53).
-32
Let r(w) = -w**3 + 95*w**2 - 274*w + 5. What is r(92)?
189
Let s(l) = 80*l**2 - 9761*l + 138. Calculate s(122).
16
Let c(h) = -h**3 + 141*h**2 - 277*h - 135. Determine c(139).
4
Let x(z) = 1792*z + 17914. What is x(-10)?
-6
Let d(o) = -362*o - 1743. Determine d(-5).
67
Let a(i) = 6*i**2 + 27*i + 15. Calculate a(-5).
30
Let y(w) = -w**2 - 106*w - 221. Determine y(-2).
-13
Let q(m) = -168*m - 5862. Give q(-35).
18
Let u(w) = 15*w - 1315. Give u(41).
-700
Let u(t) = -139*t + 1530. What is u(11)?
1
Let z(k) = -8*k**2 - 233*k + 193. What is z(-29)?
222
Let h(y) = 7*y**2 - 463*y + 18. Determine h(66).
-48
Let w(h) = h**3 + 27*h**2 + 73*h + 73. What is w(-22)?
887
Let d(j) = -j**3 + 7*j**2 + 91*j - 641. Calculate d(9).
16
Let n(w) = 3694*w + 33252. What is n(-9)?
6
Let q(j) = -2*j**3 - 11*j**2 + 21*j + 82. What is q(-5)?
-48
Let l(a) = 126*a + 506. Calculate l(-4).
2
Let j(m) = 30*m - 73. Give j(-4).
-193
Let q(s) = -2*s**3 - 2*s**2 - 2*s + 7. What is q(2)?
-21
Let a(y) = 40*y - 286. Calculate a(8).
34
Let n(s) = 4*s**3 + 76*s**2 + 34*s + 19. Give n(-19).
-627
Let u(h) = -h**3 + 9*h**2 - 13*h - 9. Calculate u(7).
-2
Let b(c) = -978*c - 2949. Calculate b(-3).
-15
Let y(m) = m**3 - 10*m**2 + 24*m - 41. Determine y(4).
-41
Let a(m) = 85*m**2 - 697*m + 140. Determine a(8).
4
Let c(t) = 63*t - 762. Determine c(6).
-384
Let n(a) = -20*a + 724. Determine n(37).
-16
Let g(k) = 5*k - 97. Determine g(30).
53
Let w(p) = p**2 + 238*p + 1631. Calculate w(-7).
14
Let z(c) = 9*c + 354. What is z(18)?
516
Let o(n) = n**3 + 9*n**2 - 247*n + 94. Give o(-21).
-11
Let y(z) = 252*z**2 - 3. What is y(-1)?
249
Let p(h) = -2325*h - 37191. Give p(-16).
9
Let u(l) = 889*l - 8893. What is u(10)?
-3
Let x(c) = c**3 + 14*c**2 + 23*c + 34. Calculate x(-13).
-96
Let w(o) = -16*o**3 + 292*o**2 - 76*o + 18. Calculate w(18).
-54
Let s(r) = -290*r - 14167. What is s(-49)?
43
Let s(p) = -3*p**2 + 591*p - 24667. What is s(60)?
-7
Let b(j) = -2*j**3 - 15*j**2 + 9*j + 4. Calculate b(1).
-4
Let p(h) = 258*h + 1251. Give p(-5).
-39
Let v(m) = 263*m + 26562. What is v(-101)?
-1
Let s(x) = -445*x + 5366. Give s(12).
26
Let j(n) = -n**3 - 26*n**2 - 109*n - 41. What is j(-21)?
43
Let v(g) = -g**3 - 3*g**2 - 211*g + 443. Give v(2).
1
Let q(f) = -64*f - 6481. Give q(-101).
-17
Let k(o) = 9*o**2 - 134*o + 51. What is k(15)?
66
Let b(a) = -a**3 - 22*a**2 + 14. What is b(-22)?
14
Let z(y) = 2*y**3 - 35*y**2 + 19*y + 5. What is z(17)?
39
Let f(y) = -338*y - 12543. What is f(-37)?
-37
Let x(q) = -q**3 + 2*q**2